ainder when 15 is divided by v.
7
Let c be (-3)/15 + (-426)/(-5). Let n = -51 + c. Let j = 10 + -1. What is the remainder when n is divided by j?
7
Suppose 2*i + 5*c = 4*c + 98, -2*c = 3*i - 145. Calculate the remainder when i is divided by 13.
12
Let j(g) = -14*g**2 + 31*g - 44. Let t(k) = 5*k**2 - 10*k + 15. Let p(n) = 4*j(n) + 11*t(n). Calculate the remainder when p(9) is divided by 12.
10
Let c = 121 + -83. Suppose -4*h + 2*w - 80 = 0, 3*h = 5*h - 5*w + 24. Let d = c + h. What is the remainder when 30 is divided by d?
14
Suppose a = 6*a, -76 = -4*l + 3*a. Calculate the remainder when 74 is divided by l.
17
Let j = 236 + -135. Suppose 48 = 5*k + 4*o - j, -5*o = -4*k + 152. What is the remainder when 19 is divided by (-6)/(-15) - k/(-5)?
5
Suppose f = -4*f + 40. Suppose g - 5*g = -56. What is the remainder when g is divided by f?
6
Let d(s) = -9*s. Calculate the remainder when d(-5) is divided by 12.
9
Suppose 5*o - 150 = -0. Let j(x) = x**2 + 9 - 5*x + 7 + 14*x - 8. Calculate the remainder when o is divided by j(-9).
6
Let i(p) = 2*p**2 + 5*p + 2. What is the remainder when 54 is divided by i(-4)?
12
Let r(w) be the third derivative of w**5/60 - w**4/6 + 2*w**3/3 + w**2. Calculate the remainder when r(-6) is divided by 22.
20
Suppose 0 = -3*p + 12, -125 = -2*u + 2*p + 289. Suppose -u = -3*b + 2*m, -2*b + 66 = 5*m - 62. What is the remainder when b is divided by 24?
21
Let r be 3 - (1 + 1)/2. Suppose -v + 192 = 134. What is the remainder when v is divided by 2 - (r + -2) - -13?
13
Suppose 3*v = 9, 4*k - 5*v = 114 - 13. Calculate the remainder when k is divided by 16.
13
Let b(n) = -n - 5. Let x be b(-10). Suppose -2*k + 78 = -y + 3*y, -191 = -x*k - 4*y. Calculate the remainder when k is divided by 19.
16
Suppose 0 = -2*i - 4*m + 80, -3*m = i - 4*m - 49. What is the remainder when i is divided by 24?
22
Suppose 3*y - 36 = -2*c + 68, 0 = -y - c + 36. Calculate the remainder when y is divided by 17.
15
Let m be (-1 + -3 - 0)*-2. Let t = 9 - m. Calculate the remainder when t is divided by 1.
0
Let k(b) = b**3 - b**2 + 2. Let h be k(0). Suppose y + h*y = 30. What is the remainder when 39 is divided by y?
9
Let i = 33 + -27. Suppose -i*x + 4*x + 3*j = -22, -46 = -4*x + 5*j. Calculate the remainder when x is divided by 3.
2
Let w(u) = -5*u - 23. Calculate the remainder when 45 is divided by w(-7).
9
Suppose 148 = -0*f + 2*f. Let j = 14 + -10. Suppose 14 + f = j*r + 4*h, -r = 3*h - 26. Calculate the remainder when r is divided by 11.
9
What is the remainder when 43 is divided by (-1)/(-3)*(-315)/(-7)?
13
Let n(i) = 33*i**2 - 2*i - 1. Let x(w) = -w**2 + 2*w. Let r be x(3). Let y(v) = -v**3 - 3*v**2 - 3*v + 3. What is the remainder when n(-1) is divided by y(r)?
10
Let y(i) = -i + 9. Suppose -3*u - 3 = 0, -3*u + 54 + 73 = 5*j. What is the remainder when j is divided by y(0)?
8
Suppose 0 = -5*n + 3*s + 166, -2*n - s + 79 = 2*s. Suppose 5*k - n = 25. What is the remainder when 23 is divided by k?
11
Suppose -39 = -14*t + 73. Calculate the remainder when 94 is divided by t.
6
Suppose 0*z = 2*k - 2*z - 24, -z + 20 = 3*k. What is the remainder when 47 is divided by k?
7
Suppose -51 = -d - 2*m + 26, -5*m + 227 = 3*d. Calculate the remainder when d is divided by 24.
21
Let o = 6 - -20. Calculate the remainder when 76 is divided by o.
24
Let f(s) = s**3 + 3*s**2 - 3*s + 5. Let j be f(-4). Calculate the remainder when (j - -1)*(-25)/(-10) is divided by 4.
1
Let l = 12 + 0. Suppose -4*u = u - 550. Let k = u - 75. What is the remainder when k is divided by l?
11
Suppose 1 = -3*s - 8. Let d = s - -7. What is the remainder when d is divided by (-1)/5 + (-22)/(-10)?
0
Suppose -5*t + 2*h = h - 96, 2 = -2*h. What is the remainder when 54 is divided by t?
16
Let h be 15/10 + 3/2. Suppose 3*z - h = t + 2*t, -2*z + 3*t - 1 = 0. What is the remainder when 2 + -1 - -12 - -1 is divided by z?
2
Let m = -41 + 61. What is the remainder when (m/5)/(4/26) is divided by (28/(-6))/(1/(-3))?
12
Let n be (64/(-6))/((-5)/15). Let h = n + -17. What is the remainder when h is divided by 9?
6
Let v = -23 + 49. Calculate the remainder when (40/15)/4*(-303)/(-2) is divided by v.
23
Let c(z) = -z**2 + 7*z + 4. Suppose 2*j - 42 = -12. What is the remainder when c(5) is divided by (-6)/j - 84/(-10)?
6
Let w = 66 + -39. What is the remainder when w is divided by (-208)/(-20) + 2/(-5)?
7
Suppose 1 = -4*f - 5*q, 3*f + q - 1 = f. Let p = -11 - -16. Suppose -f = 2*m - p. Calculate the remainder when 2 is divided by m.
0
Let v(i) = -2*i + 3. Let q be v(3). What is the remainder when (-164)/q + (-1)/(-3) is divided by (-4)/(-6)*114/4?
17
Let m(v) = -v**2 - 3*v + 33. Calculate the remainder when m(0) is divided by 9.
6
Let j(w) = w + 7. Suppose 4*p + 0*p + 5*m + 27 = 0, 5*p + 2*m = -21. What is the remainder when j(p) is divided by 2?
0
Let h(z) = z**2 - 8*z + z**2 - 6 - z**2. Let t be h(9). Suppose t*l = -39 + 108. Calculate the remainder when l is divided by 13.
10
Suppose -5*x + 20 = 0, 3*f - 31 = 2*x + 21. What is the remainder when f is divided by 14*(-2 - (-20)/8)?
6
Let k be (-2)/9 + 29/9. Suppose r = k*f - 59, -f + 2*f - r - 23 = 0. Suppose 3*w = 8*w - 50. Calculate the remainder when f is divided by w.
8
Suppose 2*n - 34 = -2. Calculate the remainder when 61 is divided by n.
13
Let b(c) = c**3 + c**2 + 6. Suppose 10 - 28 = -2*m. Calculate the remainder when m is divided by b(0).
3
Let w = 62 + -99. Let i(z) = 11*z + 10. Let u be i(6). Let y = u + w. What is the remainder when y is divided by 20?
19
What is the remainder when 91 is divided by 2/5 - 1404/(-90)?
11
Let z = 34 + -28. Calculate the remainder when 28 is divided by z.
4
Suppose -2*k = -0*k. Suppose -h + k*h + 18 = 0. Calculate the remainder when 34 is divided by h.
16
Let g be -1*1*1 + 0. What is the remainder when 114/9 + 4/(-6) is divided by (2 - 3)/(g/7)?
5
Let z(x) = -x**3 + 8*x**2 - 3*x + 7. Calculate the remainder when 65 is divided by z(7).
30
Let r(s) = -s + 1. Let w be r(5). Suppose 4*o + 12 = 4. What is the remainder when 24 is divided by (-5 - -31)*o/w?
11
Suppose -4*t = -i + 5, 3*i + 0 - 15 = -4*t. Suppose t = o + o - 46. Suppose -m - 2*m + 24 = 0. Calculate the remainder when o is divided by m.
7
Suppose 2*b - 246 = -2*r, 0 = -2*r + 7*r - 4*b - 579. What is the remainder when r is divided by 31?
26
Let d(g) = -g + 9. What is the remainder when d(-14) is divided by 6?
5
Suppose 0 = -5*r + 5*m, -3*m = 5*r + 1 - 9. Let q(h) = -4*h + r + 2 + 5*h. Calculate the remainder when 30 is divided by q(5).
6
Let p(v) = -3*v - 1. Let l be p(2). Let f = -3 - l. Suppose -29 = f*k + 3*n - 90, -k + 3*n + 19 = 0. What is the remainder when 45 is divided by k?
13
Let j = -14 + 4. Let d = j + 19. Calculate the remainder when 26 is divided by d.
8
Let y = 23 - 11. Calculate the remainder when y is divided by 15/2 - (-7)/(-14).
5
Let t(w) = 12*w**3 + 2*w - 2*w**2 - 3*w - 48*w**3. Calculate the remainder when t(-1) is divided by ((-2)/(-3) + -2)*-9.
11
Let j(o) = -o**2 + 9*o + 12. Let z = 10 - 5. Suppose -v + z*a - 3 = 0, 4*v - 94 = -5*a + 19. Calculate the remainder when v is divided by j(9).
10
Let q(d) be the first derivative of -d**3/3 + 13*d**2/2 - 2. What is the remainder when q(11) is divided by 8?
6
Let b be 12 + -2 + (-2)/1. What is the remainder when 7 is divided by ((-3)/(-2))/(4/b)?
1
Suppose 0*q + 5 = -q + 2*u, 5*u = 5*q + 5. Let k be q/2*(-12)/(-9). Suppose -55 = -k*s - 11. What is the remainder when 43 is divided by s?
21
Let g(m) = m**2 + 16*m + 13. What is the remainder when 37 is divided by g(-16)?
11
Let z(o) = -1 + 28*o**2 + 4 - 4 - 2*o. Let a be z(-1). Suppose -3*l + a = -103. Calculate the remainder when l is divided by 15.
14
Let l(j) = -j**3 - 4*j**2 + j + 1. Calculate the remainder when l(-6) is divided by 23.
21
Let i = -2 + 6. Let n(y) = y - 2. What is the remainder when i is divided by n(4)?
0
Let o(a) = 5*a**2 + a. What is the remainder when 17 is divided by o(1)?
5
Suppose 0 = 2*x - 3*x + 3. Suppose x*c = -4*s + 40, -3*c + 10 = 5*s - 34. Let q = 28 + -14. Calculate the remainder when q is divided by c.
6
Let z(l) = -l**3 + 8*l**2 - 6*l + 1. Let c be z(4). Suppose -4*t - 1 + c = 4*x, -5*t - 90 = -5*x. Calculate the remainder when x is divided by 8.
6
Let i be (-2)/(-4) + 396/(-8). Let k = -31 - i. Calculate